1359882579?
3, 11, 3746233
List the prime factors of 575381786.
2, 7, 41098699
What are the prime factors of 103143926?
2, 51571963
What are the prime factors of 1384574738?
2, 199, 3478831
What are the prime factors of 233792908?
2, 17, 202243
List the prime factors of 1086613512.
2, 3, 281, 161123
List the prime factors of 34580431.
17, 23, 59, 1499
What are the prime factors of 7900883420?
2, 5, 9677, 40823
What are the prime factors of 312346227?
3, 8641, 12049
List the prime factors of 2424499792.
2, 11, 13, 131, 8089
What are the prime factors of 85437590?
2, 5, 7, 53, 23029
What are the prime factors of 6609288239?
29, 227906491
List the prime factors of 2565647034.
2, 3, 427607839
What are the prime factors of 81278085?
3, 5, 7, 37, 20921
What are the prime factors of 102184871?
151, 676721
What are the prime factors of 2904999699?
3, 7, 19, 7280701
What are the prime factors of 239916191?
199, 1205609
List the prime factors of 38933247.
3, 17, 127, 6011
What are the prime factors of 1606664971?
1606664971
What are the prime factors of 812792122?
2, 419, 969919
What are the prime factors of 602119143?
3, 22300709
What are the prime factors of 252706787?
252706787
List the prime factors of 958432714.
2, 479216357
List the prime factors of 729059570.
2, 5, 197, 370081
What are the prime factors of 75064362?
2, 3, 12510727
List the prime factors of 55079418.
2, 3, 373, 24611
List the prime factors of 1749206539.
571, 3063409
What are the prime factors of 146882288?
2, 7, 1311449
What are the prime factors of 841198502?
2, 233, 1805147
What are the prime factors of 1887778221?
3, 7, 37, 53, 45841
List the prime factors of 59528558.
2, 19, 61, 421
List the prime factors of 1597452521.
7, 228207503
List the prime factors of 600918914.
2, 181, 1659997
List the prime factors of 107843384.
2, 11, 1225493
What are the prime factors of 4567562614?
2, 571, 1511, 2647
What are the prime factors of 53299639?
67, 795517
What are the prime factors of 4720899277?
19, 101, 2460083
What are the prime factors of 547371376?
2, 71, 151, 3191
List the prime factors of 1572903954.
2, 3, 17, 1713403
List the prime factors of 65223663.
3, 461, 47161
What are the prime factors of 930118012?
2, 1123, 207061
List the prime factors of 127373212.
2, 59, 457, 1181
What are the prime factors of 42255215?
5, 41, 206123
What are the prime factors of 1421559980?
2, 5, 37, 1921027
List the prime factors of 862591405.
5, 13, 13270637
List the prime factors of 23999901.
3, 61, 313, 419
What are the prime factors of 112672285?
5, 11, 23, 89069
What are the prime factors of 1754243765?
5, 12107, 28979
List the prime factors of 66129296.
2, 103, 40127
List the prime factors of 23392461.
3, 7797487
What are the prime factors of 1925566267?
19, 53, 557, 3433
What are the prime factors of 1265250121?
449, 2817929
What are the prime factors of 84995764?
2, 7, 23, 191, 691
What are the prime factors of 3967523498?
2, 2129, 931781
What are the prime factors of 47694394?
2, 11, 107, 20261
List the prime factors of 55851047.
7, 7978721
What are the prime factors of 1714047988?
2, 19, 2861, 7883
List the prime factors of 553874652.
2, 3, 73, 163, 431
What are the prime factors of 26822106?
2, 3, 1490117
List the prime factors of 5075827101.
3, 41, 191, 72019
List the prime factors of 47283713.
47283713
List the prime factors of 297442585.
5, 11, 5408047
List the prime factors of 173911812.
2, 3, 14492651
List the prime factors of 803414465.
5, 7, 22954699
What are the prime factors of 5863699?
5863699
What are the prime factors of 37997329?
17, 2235137
What are the prime factors of 753849556?
2, 443, 425423
List the prime factors of 89824111.
13, 6909547
What are the prime factors of 938440672?
2, 13, 2255867
List the prime factors of 5224081.
173, 30197
What are the prime factors of 283325965?
5, 13, 59, 5683
List the prime factors of 51256531.
61, 107, 7853
What are the prime factors of 103112625?
3, 5, 7, 11, 3571
What are the prime factors of 36837062?
2, 17, 1083443
What are the prime factors of 404421863?
269, 353, 4259
What are the prime factors of 77244125?
5, 7, 43, 2053
What are the prime factors of 126230090?
2, 5, 7, 337, 5351
List the prime factors of 3430921795.
5, 7, 98026337
What are the prime factors of 8150918309?
3517, 2317577
List the prime factors of 384145917.
3, 127, 1008257
What are the prime factors of 472321560?
2, 3, 5, 23, 171131
List the prime factors of 47250702.
2, 3, 37, 7883
What are the prime factors of 37237898?
2, 18618949
List the prime factors of 11025317.
1747, 6311
List the prime factors of 17927637.
3, 7, 13, 97, 677
What are the prime factors of 23773822?
2, 47, 252913
List the prime factors of 770154923.
607, 1268789
What are the prime factors of 629610030?
2, 3, 5, 7, 19, 89, 197
List the prime factors of 374891270.
2, 5, 13, 47, 61357
List the prime factors of 40338842.
2, 20169421
What are the prime factors of 68327095?
5, 727, 18797
What are the prime factors of 4713094?
2, 2356547
What are the prime factors of 79448110?
2, 5, 7, 29, 5591
What are the prime factors of 2787501348?
2, 3, 8179, 9467
List the prime factors of 538898681.
227, 1327, 1789
List the prime factors of 7969716515.
5, 1427, 1116989
List the prime factors of 511734578.
2, 17, 1063, 14159
What are the prime factors of 222870906?
2, 3, 37, 331, 337
What are the prime factors of 432958510?
2, 5, 19, 2278729
What are the prime factors of 149039478?
2, 3, 7, 37, 4567
What are the prime factors of 2686275913?
131, 20505923
What are the prime factors of 418557410?
2, 5, 41855741
List the prime factors of 8609545.
5, 7, 35141
List the prime factors of 753204076.
2, 179, 1051961
What are the prime factors of 236241735?
3, 5, 149, 105701
List the prime factors of 233950798.
2, 53, 971, 2273
List the prime factors of 769621465.
5, 153924293
List the prime factors of 959527718.
2, 1663, 288493
What are the prime factors of 572432131?
29, 107, 184477
List the prime factors of 4413362155.
5, 101, 8739331
What are the prime factors of 45047984?
2, 23, 163, 751
What are the prime factors of 447540916?
2, 307, 364447
What are the prime factors of 32093242?
2, 19, 41, 20599
What are the prime factors of 487468311?
3, 11, 41, 360287
What are the prime factors of 1509748366?
2, 7, 107839169
List the prime factors of 196243192.
2, 1913, 12823
List the prime factors of 44342555.
5, 31, 523, 547
What are the prime factors of 92716157?
61, 24917
List the prime factors of 5853024233.
7, 19, 44007701
List the prime factors of 19856464.
2, 41, 30269
What are the prime factors of 89993469?
3, 103, 227, 1283
List the prime factors of 49281258.
2, 3, 13, 31, 89, 229
What are the prime factors of 100057627?
29, 89, 38767
List the prime factors of 1578446452.
2, 11, 29, 107, 1051
What are the prime factors of 407026536?
2, 3, 7, 346111
List the prime factors of 2399314199.
1453, 1651283
What are the prime factors of 3386257815?
3, 5, 263, 599, 1433
List the prime factors of 299041700.
2, 5, 41, 72937
What are the prime factors of 4946328498?
2, 3, 37, 587, 37957
What are the prime factors of 544235529?
3, 59, 3074777
What are the prime factors of 686741989?
5351, 128339
What are the prime factors of 742480699?
43, 17266993
List the prime factors of 591117240.
2, 3, 5, 7, 703711
What are the prime factors of 1892846699?
1892846699
What are the prime factors of 503845243?
11, 37, 1237949
What are the prime factors of 1098920570?
2, 5, 11, 9990187
List the prime factors of 8681846.
2, 29, 181, 827
What are the prime factors of 371325031?
7, 11, 1303, 3701
What are the prime factors of 1748195?
5, 17, 131, 157
List the prime factors of 806242508.
2, 201560627
What are the prime factors of 264755185?
5, 23, 2302219
What are the prime factors of 1041804241?
59, 127, 257, 541
What are the prime factors of 294405254?
2, 11, 13, 947, 1087
What are the prime factors of 1668994162?
2, 11, 19, 457, 8737
What are the prime factors of 61490265?
3, 5, 1447, 2833
List the prime factors of 43604842.
2, 1223, 17827
What are the prime factors of 3784267821?
3, 163, 7738789
What are the prime factors of 207220675?
5, 191, 43397
List the prime factors of 8192828.
2, 7, 292601
What are the prime factors of 25548203?
6